70509364?
4
What is the ten millions digit of 549617814?
4
What is the millions digit of 6426054300?
6
What is the billions digit of 1679332827?
1
What is the billions digit of 1078275106?
1
What is the units digit of 1667532476?
6
What is the ten thousands digit of 43450867?
5
What is the ten thousands digit of 146825702?
2
What is the ten thousands digit of 763874932?
7
What is the units digit of 826688745?
5
What is the thousands digit of 286922092?
2
What is the hundreds digit of 936360889?
8
What is the thousands digit of 59381027?
1
What is the tens digit of 137491734?
3
What is the thousands digit of 2125699?
5
What is the thousands digit of 7714602?
4
What is the hundreds digit of 42296032?
0
What is the tens digit of 16223439?
3
What is the hundreds digit of 698104669?
6
What is the millions digit of 165272531?
5
What is the hundred millions digit of 6780958538?
7
What is the hundred millions digit of 576216322?
5
What is the ten thousands digit of 41750752?
5
What is the units digit of 5179105?
5
What is the tens digit of 182936354?
5
What is the tens digit of 233203638?
3
What is the tens digit of 4661498566?
6
What is the hundreds digit of 318122841?
8
What is the tens digit of 1149899699?
9
What is the hundred millions digit of 801867719?
8
What is the tens digit of 37018176?
7
What is the tens digit of 40816943?
4
What is the thousands digit of 227526680?
6
What is the millions digit of 1836908111?
6
What is the hundreds digit of 32749001?
0
What is the hundred millions digit of 345299138?
3
What is the tens digit of 241923308?
0
What is the tens digit of 823725674?
7
What is the tens digit of 1376531196?
9
What is the hundreds digit of 66694083?
0
What is the hundred thousands digit of 194656180?
6
What is the units digit of 10182619?
9
What is the ten thousands digit of 170386438?
8
What is the millions digit of 12940419?
2
What is the tens digit of 1644472149?
4
What is the ten millions digit of 149015897?
4
What is the ten millions digit of 42196038?
4
What is the millions digit of 56268669?
6
What is the hundred thousands digit of 13283846?
2
What is the units digit of 135202873?
3
What is the ten thousands digit of 94182164?
8
What is the units digit of 1297413459?
9
What is the ten millions digit of 2936622685?
3
What is the hundred millions digit of 7695313734?
6
What is the hundred millions digit of 2873229902?
8
What is the tens digit of 3130087876?
7
What is the units digit of 57470221?
1
What is the hundreds digit of 93937477?
4
What is the units digit of 2299440175?
5
What is the ten thousands digit of 57647084?
4
What is the hundreds digit of 97950490?
4
What is the ten millions digit of 11989251?
1
What is the units digit of 50379927?
7
What is the hundred millions digit of 4320226953?
3
What is the millions digit of 213250358?
3
What is the thousands digit of 65925648?
5
What is the thousands digit of 167315391?
5
What is the millions digit of 228610399?
8
What is the thousands digit of 985610310?
0
What is the hundreds digit of 286929134?
1
What is the units digit of 579171440?
0
What is the units digit of 157729473?
3
What is the ten millions digit of 2612294088?
1
What is the ten thousands digit of 5309499638?
9
What is the tens digit of 909619042?
4
What is the hundreds digit of 105343045?
0
What is the tens digit of 61878793?
9
What is the hundred millions digit of 170946158?
1
What is the hundreds digit of 69884929?
9
What is the hundreds digit of 112045264?
2
What is the hundreds digit of 87209044?
0
What is the ten thousands digit of 164855948?
5
What is the tens digit of 479126916?
1
What is the hundreds digit of 405361874?
8
What is the thousands digit of 58802618?
2
What is the thousands digit of 145000280?
0
What is the thousands digit of 720107364?
7
What is the hundred thousands digit of 65541255?
5
What is the ten thousands digit of 269067338?
6
What is the units digit of 297079057?
7
What is the units digit of 1548383944?
4
What is the hundred thousands digit of 4388168455?
1
What is the ten thousands digit of 46080878?
8
What is the millions digit of 8488726?
8
What is the ten thousands digit of 7047019919?
1
What is the tens digit of 372277536?
3
What is the tens digit of 187822761?
6
What is the ten millions digit of 41620093?
4
What is the hundreds digit of 317829311?
3
What is the units digit of 1930205000?
0
What is the ten thousands digit of 374108668?
0
What is the hundreds digit of 21750630?
6
What is the hundred millions digit of 4369012810?
3
What is the ten thousands digit of 277706538?
0
What is the units digit of 305383254?
4
What is the thousands digit of 88730807?
0
What is the tens digit of 27946086?
8
What is the tens digit of 99552376?
7
What is the hundred thousands digit of 21798800?
7
What is the ten thousands digit of 509195149?
9
What is the millions digit of 1628354903?
8
What is the tens digit of 43752385?
8
What is the millions digit of 2297405686?
7
What is the ten thousands digit of 1928413795?
1
What is the ten thousands digit of 224932952?
3
What is the units digit of 41708347?
7
What is the tens digit of 1169161?
6
What is the hundreds digit of 263711095?
0
What is the hundred millions digit of 334813228?
3
What is the hundred millions digit of 875254769?
8
What is the tens digit of 30881142?
4
What is the ten thousands digit of 1306728482?
2
What is the hundred thousands digit of 320297389?
2
What is the hundreds digit of 913474979?
9
What is the units digit of 154670576?
6
What is the tens digit of 2612174?
7
What is the ten thousands digit of 56539368?
3
What is the ten millions digit of 12378448?
1
What is the tens digit of 757752428?
2
What is the ten millions digit of 2806719922?
0
What is the millions digit of 187218737?
7
What is the units digit of 163046531?
1
What is the hundred thousands digit of 24306342?
3
What is the units digit of 639491739?
9
What is the hundred thousands digit of 2130433324?
4
What is the tens digit of 121471707?
0
What is the hundred millions digit of 230603300?
2
What is the ten millions digit of 749621646?
4
What is the millions digit of 19461639?
9
What is the ten millions digit of 1888490391?
8
What is the ten millions digit of 2537812316?
3
What is the ten millions digit of 39092075?
3
What is the hundreds digit of 647296908?
9
What is the millions digit of 55069437?
5
What is the ten millions digit of 77019499?
7
What is the thousands digit of 1759824349?
4
What is the hundred thousands digit of 186010408?
0
What is the ten thousands digit of 14282693?
8
What is the thousands digit of 52451008?
1
What is the ten millions digit of 136567081?
3
What is the ten millions digit of 80780709?
8
What is the hundreds digit of 50522043?
0
What is the hundreds digit of 258750530?
5
What is the ten thousands digit of 69375952?
7
What is the thousands digit of 3902370124?
0
What is the hundreds digit of 1042909216?
2
What is the hundreds digit of 158071049?
0
What is the billions digit of 2181298279?
2
What is the units digit of 6911540?
0
What is the thousands digit of 50202604?
2
What is the ten thousands digit of 1274602860?
0
What is the tens digit of 2785509?
0
What is the ten thousands digit of 50098113?
9
What is the tens digit of 37471321?
2
What is the ten thousands digit of 3572382904?
8
What is the hundreds digit of 7092580264?
2
What is the hundreds digit of 24712697?
6
What is the ten thousands digit of 443810294?
1
What is the hundred millions digit of 1611357416?
6
What is the millions digit of 1715892344?
5
What is the tens digit of 49356914?
1
What is the units digit of 693157132?
2
What is the thousands digit of 230478353?
8
What is the hundred thousands digit of 65818801?
8
What is the ten millions digit of 54818727?
5
What is the units digit of 149045457?
7
What is the hundreds digit of 768191747?
7
What is the millions digit of 2646765376?
6
What is the tens digit of 764005642?
4
What is the hundred millions digit of 1141508415?
1
What is the ten millions digit of 284708366?
8
What is the units digit of 56674722?
2
What is the thousands digit of 531431141?
1
What is the tens digit of 1369600378?
7
What is the ten millions digit of 271878041?
7
What is the ten millions digit of 118910332?
1
What is the millions dig